emainder when f(-6) is divided by 11.
8
Suppose 4*c = i - 1183, -3*i + 2673 = 2*c - 834. What is the remainder when i is divided by 384?
19
Let c(q) = q**3 + 6*q**2 - q - 6. Let f be c(-4). Suppose 2*t - 5*v - f = 103, 0 = 5*v + 5. Let i = t - 55. Calculate the remainder when i is divided by 9.
0
Suppose -49*f + 53*f - 339 = -5*z, -2*f - 79 = -z. What is the remainder when 563 is divided by z?
66
Suppose 5*j - 20 = 0, -b - 4*j + 87 = -219. What is the remainder when b is divided by 74?
68
Calculate the remainder when (2 - 4)*123/4*620/(-30) is divided by 19.
17
Suppose g + 3*f - 9 = 0, g - 39 = 5*f + 10. Let x = g - -20. Calculate the remainder when x is divided by 18.
8
Suppose -5*w + 4*z = 80, -8*w + 5*w = 3*z + 48. What is the remainder when 65 is divided by 1/2 + (-168)/w?
10
Let t(q) = q**2 - q + 44. Calculate the remainder when t(10) is divided by 17.
15
Suppose 2*u + 4*y = -10, 5*u - 24*y + 20 = -29*y. Calculate the remainder when 69 is divided by 6/(0 + u) - 2*-7.
9
Let f = 5114 + -3545. What is the remainder when f is divided by 11?
7
Let c(i) = -513*i + 7837. Calculate the remainder when c(12) is divided by 280.
1
What is the remainder when ((-5)/10)/((-23)/13294) is divided by 72?
1
Let w be 3378/(-30) - -3 - 6/15. Calculate the remainder when 62 is divided by (-138)/(-10) - 22/w.
6
Let q(z) = 412*z + 5381. Calculate the remainder when 216 is divided by q(-13).
16
Suppose 3*i + 2970 = -4*g + 5*i, -3*g = -5*i + 2224. Let y = g - -777. Calculate the remainder when y is divided by 3.
1
Suppose -57*i = -79*i - 66. Let f(u) = 5*u**2 + 8*u + 23. What is the remainder when 62 is divided by f(i)?
18
Let w(i) = 10*i**3 + 3*i**2 - 2*i - 1. Let j be w(1). Suppose 5*z - y - 557 = 0, 3*z + 7*y = j*y + 339. What is the remainder when z is divided by 60?
51
Suppose 20*j = 44*j - 1344. Suppose -31*m + 38*m - j = 0. Calculate the remainder when 31 is divided by m.
7
Suppose 5 = -p - 4*m, 19 = 5*p + 2*m - 4*m. Suppose -p*y + 7 = 22, -h + 11 = -3*y. Let u(t) = 2*t + 10. What is the remainder when 4 is divided by u(h)?
0
Let w be (-11)/(11/(-112)) - 4. Let b = w - 55. Suppose 2*v - 10 = -p, -4*p + 8*p = 5*v + b. What is the remainder when 34 is divided by p?
10
What is the remainder when 492 is divided by 1 + (-12)/(-2) + 57/(-12)*-20?
84
Suppose -59 = 6*o + 2*g - 267, -o + 38 = -3*g. Calculate the remainder when 117 is divided by o.
12
Suppose -135 = -9*w + 18. What is the remainder when (186/8)/((-13)/((-104)/3)) is divided by w?
11
Let k be (-42)/7*1/(-2). Suppose 6 = k*f - 12. Let r = f + 16. Calculate the remainder when r is divided by 6.
4
Suppose 0 = -2*w - 4*h + 18, -2*h + 2 = 4. Let q be (213/(-2) - 1)*608/(-152). Let t = 526 - q. What is the remainder when t is divided by w?
8
Let f = 24231 - 23173. Calculate the remainder when 3206 is divided by f.
32
Let s(r) = -4*r - 7. What is the remainder when 13/130 - (-16269)/110 is divided by s(-8)?
23
Suppose -220*v + 213*v = -147. Suppose v*t - 1438 - 1418 = 0. Calculate the remainder when t is divided by 28.
24
Suppose 28*d - 1521 - 231 = -44. What is the remainder when d is divided by 34?
27
Let b = -11854 + 11971. Calculate the remainder when 685 is divided by b.
100
Let n = 3689 - 3442. Calculate the remainder when n is divided by 25.
22
Let x(c) = c**2 - 13*c + 3. Let v be x(12). Let t(h) = -39*h - 339. What is the remainder when t(v) is divided by 9?
3
Let x = -119 + -515. Let w = x - -734. Calculate the remainder when w is divided by 40.
20
Let y(o) = 3*o**3 - o - 7. Let h be y(0). Calculate the remainder when 8*16 + (8 - (-2 - h)) is divided by 231/14*24/9.
43
Suppose 62*c = 57*c - 10. What is the remainder when 382 is divided by (5/((-125)/(-160)))/(c/(-5))?
14
Suppose -r + 4*r - 5*o = 5, -2*o = 2. Suppose -3*t + 39 - 6 = r. Let a(g) = -4*g - 90. What is the remainder when t is divided by a(-24)?
5
Let k(x) = 304*x - 1143. Calculate the remainder when k(10) is divided by 211.
209
Let f(o) = 19*o**2 - 15*o - 9 + 20 + 12*o**2 - 32*o**2. Let i be f(-19). Let u = 171 + i. What is the remainder when u is divided by 27?
25
Suppose 157*g + 183 = 1125. What is the remainder when 55 is divided by g?
1
Suppose 37 - 77 = 4*l. Let v(d) = d**3 - 8*d**2 + 5*d - 7. Calculate the remainder when (4*215/l)/((-6)/9) is divided by v(8).
30
Suppose -3*d = d + 4*n - 24, 0 = -3*d - 2*n + 14. Suppose -d*m + i + i = -292, -5 = i. What is the remainder when m/(-2)*(-6)/9 is divided by 10?
7
Suppose -6*n + n - 3*a = -341, 0 = 2*n + 3*a - 140. What is the remainder when 14 - 12 - 330/(-1) is divided by n?
64
Suppose -d + 4*r = -168, 20*d - 15*d + 2*r = 840. Calculate the remainder when 526 is divided by d.
22
Let a(v) = 2*v**2 - 43*v - 9. Let u be a(19). Let g = 106 + u. Calculate the remainder when 25 is divided by (g/5 - (-136)/85) + 4.
1
Let b(n) = n + 10. Let i be b(-5). Let w(h) = 4*h**2 - 5*h**2 - i*h + 5 + 19 + h. Calculate the remainder when 59 is divided by w(-6).
11
What is the remainder when -12 + 5 - (-4 + -1900) is divided by 173?
167
Let h(u) = 130*u + 69. Let r be h(9). Let t = -351 + r. What is the remainder when t is divided by 89?
87
Let u = -9536 - -9626. Calculate the remainder when u is divided by 4/(-14) + (-102)/(-14).
6
Suppose 4*j = 2*n + 972, 3*n + j + 474 = 2*n. Let m = -453 - n. What is the remainder when 114 is divided by m?
14
Suppose 4*d - 20 = 20. Let o be -2 - ((0 - -3) + -1). What is the remainder when ((-24)/o + -4)*(-114)/(-4) is divided by d?
7
Let f = 72 + -54. Let d = -247 - -295. Calculate the remainder when d is divided by f.
12
Let l be (-1)/4 - 1470/(-120). Suppose 5*w = -q + 116, 310 = 3*q + 2*w - l. Calculate the remainder when q is divided by (1*-1)/((-3)/66).
18
Calculate the remainder when 216 is divided by 2490/26 - (-297)/1287.
24
Suppose -4*k = 5*t + 212, -5*t - k + 75 - 293 = 0. Calculate the remainder when (-898)/(-22) + (725/55 - 13) is divided by (0 + t/(-6))*3.
19
Suppose -14*b = 41*b - 495*b + 60720. Calculate the remainder when 4275 is divided by b.
135
Let v be 6/(-27) - (-20)/9. Let j(q) = -1 + 50*q + q**v + 22*q**3 - 51*q + 2. What is the remainder when j(1) is divided by 12?
11
Suppose 144*r = -149*r + 64*r + 22671. Calculate the remainder when 380 is divided by r.
83
Calculate the remainder when (-6 + -1)*106*10/(-70) is divided by 61.
45
Suppose 32 = 5*a - 4*r, 5*a - 5*r - 29 = -2*r. Suppose a*n - 6 - 10 = 0. Suppose 114 = n*i - 122. What is the remainder when i is divided by 10?
9
Let x = 5453 + -3843. Calculate the remainder when x is divided by 17.
12
Suppose 3*n = -3*k + 5*k + 118, -5*k + 205 = 5*n. Calculate the remainder when 279 is divided by n.
39
Let y(o) = 19*o**3 + 8*o**2 - 4*o + 4. Calculate the remainder when y(3) is divided by 79.
24
Suppose 0 = -6*v + v. Suppose -3*g - c + 42 = v, -2*g - g + 42 = -c. Suppose -31*m = -1509 - 630. What is the remainder when m is divided by g?
13
Let z(l) = -l**3 + 2*l**2 - 6*l + 36. Suppose 22*d - 23*d = -215. What is the remainder when d is divided by z(0)?
35
Suppose 2*b + 150 = 4*b - 2*g, -4*b + 276 = 4*g. Calculate the remainder when b is divided by 4 - (-6)/((-6)/(-7)).
6
Let o(z) = -8*z - 14. Let q be o(-2). Suppose 4*y - 137 - 99 = 2*f, 2*y + q*f = 124. Calculate the remainder when y is divided by 24.
12
Let z = -206 + 126. Calculate the remainder when 55*-1*32/z is divided by 10.
2
Suppose 31*z = 39*z - 232. Let k be ((-18)/(-36))/(2/(-612)). What is the remainder when z is divided by (k/(-12))/3*4?
12
Let z(d) = d**3 - 4*d**2 + 5*d - 4. Let r be z(3). Suppose -c - 38 = -r*a + 5, -a + 26 = c. Let b = -268 - -280. Calculate the remainder when a is divided by b.
11
Suppose -22*a + 18*a - 298 = -2*j, 2*j = -2*a - 146. Let l = a + 97. What is the remainder when 136 is divided by l?
21
Let k(m) = 6*m**3 + 1 - 2*m**3 - 6*m**2 - 5 - 5*m - 3*m**3. Let v(z) = z**2 + 6*z + 20. Calculate the remainder when v(-7) is divided by k(7).
7
Let p(d) = 10*d + 22. Let u be p(-8). Let y = -13 - u. What is the remainder when y is divided by 16?
13
Let z(k) = -k**3 + 19*k**2 - k + 21. Let v be z(19). Suppose 0 = -3*x + 34*r - 29*r + 298, 5*r + 197 = v*x. Calculate the remainder when x is divided by 17.
16
Let y = -127 - -268. What is the remainder when (((-56)/(-24))/7)/(1/y) is divided by (3 + 0)*32/6?
15
Suppose -w 